
6
Suppose 4*s - 36 + 88 = 0. Let h = 22 + s. Suppose 18 = 189*q - 187*q + y, -2*q - 5*y + 18 = 0. What is the greatest common divisor of q and h?
9
Let l be (-3*(-5)/(-75))/(3/(-30)). Calculate the highest common factor of l and 12.
2
Suppose 3*t - 50 = -2*p, -3*t + 5*p + 43 = -0*t. Calculate the highest common divisor of 80 and t.
16
Let k(s) = 121*s - 43. Let n be k(1). What is the highest common factor of 130 and n?
26
Let n(o) = -21*o - 145. Let u be n(-9). What is the highest common factor of 352 and u?
44
Let g = 46 - -70. Let p = g + -95. Calculate the greatest common factor of 14 and p.
7
Let n = -78 + 80. Let o(m) = 68*m + 7. Let w be o(n). Calculate the highest common divisor of w and 13.
13
Let p be (-114)/(-76)*4/3. Suppose 2*m = 5*r - 3, 4*r = 4*m - 8 - 4. What is the highest common divisor of p and m?
2
Let f be (-13310)/(-495) + (-1)/(-9). What is the highest common factor of 1431 and f?
27
Let i(b) = b**2 + b - 5. Let r be i(0). Let w = r - -10. Let p be 240/(-6)*(-1)/2. Calculate the greatest common divisor of p and w.
5
Let p be (-156)/(-60) + (-3)/5. Suppose 3*i = -0*i + p*q + 29, -4*i + 67 = 3*q. What is the highest common factor of 65 and i?
13
Let h be (-23)/(-5 - 160/(-55) - -2). Calculate the highest common factor of h and 55.
11
Let d be ((-8)/1)/((-34)/(-153)). Let g = d - -41. Calculate the highest common factor of 25 and g.
5
Let l = -701 - -1119. Calculate the greatest common divisor of 22 and l.
22
Suppose 0 = -5*a - 3*v + 231, -18*v + 17*v + 227 = 5*a. Let s(h) = 10*h**2 + 2*h + 1. Let w be s(-1). What is the greatest common factor of w and a?
9
Let x(c) = -c**2 - 54*c + 312. Let h be x(-44). Calculate the highest common divisor of 47 and h.
47
Let d = 46 - -49. Let o = 155 - d. What is the highest common divisor of 40 and o?
20
Let p = 560 - 446. Calculate the highest common divisor of 513 and p.
57
Let z(g) = -g - 1. Suppose 3*i = 5*i + 14. Let a be z(i). Let u be 2/(-3)*(-1 - 17). What is the greatest common divisor of u and a?
6
Let c(v) = -v + 29. Let y be c(15). What is the greatest common factor of 11 and y?
1
Let m = -93 - -115. What is the highest common factor of m and 11?
11
Let q be 2/(-17) + (-6)/((-714)/7273). What is the greatest common factor of q and 1769?
61
Let l be ((-3)/2)/(((-9)/(-6))/(-3)). Suppose -3*m - 2*g + 32 = 0, 5*m - l*g = 2*g + 20. Calculate the greatest common factor of 20 and m.
4
Suppose -5*m + 2*a = -a - 14, m + 6 = 5*a. Suppose 0*j + 44 = m*j. What is the highest common factor of j and 44?
11
Let j(l) be the first derivative of 3*l**2/2 - 17*l - 1. Let i be j(6). Calculate the greatest common factor of 1 and i.
1
Let l(c) = -110*c**2 + c - 1. Let h(s) = -110*s**2 + s - 2. Let q(f) = 2*h(f) - 3*l(f). Let i be q(-1). Calculate the greatest common factor of i and 10.
10
Suppose 3*q = -332 + 596. Calculate the highest common divisor of q and 2.
2
Let l be (30/105)/((-1 + 0)/(-1001)). What is the highest common divisor of 88 and l?
22
Let m = 180 + -169. What is the highest common factor of m and 451?
11
Suppose -1098 = -28*p - 650. Calculate the greatest common factor of p and 16.
16
Let r(l) = l**2 + l + 5. Let b be r(4). Suppose 0*j + 5*j = b. What is the greatest common divisor of 5 and j?
5
Suppose 1586 = -12*y + 7130. Calculate the highest common factor of y and 210.
42
Suppose -224 = -3*g - 26. Calculate the greatest common factor of 220 and g.
22
Let a(y) = 5*y**2 + 6*y + 9. Suppose -i + 0*m = m + 3, -2*m + 18 = -4*i. Let q be a(i). What is the highest common factor of 13 and q?
13
Let b = 419 + -369. Calculate the highest common divisor of b and 350.
50
Suppose m - 2*c + 0*c - 164 = 0, 4*c - 608 = -4*m. What is the greatest common divisor of 24 and m?
12
Let k = 6 + 3. Let b(c) = 8*c**3 + 5*c**2 + c + 1. Let z be b(-2). Let q = k - z. Calculate the highest common divisor of 6 and q.
6
Let f be (12/(-10))/(2/(-20)). Suppose f + 6 = 3*d. Let a = d - 3. Calculate the highest common divisor of 2 and a.
1
Let b = 188 - 72. Calculate the greatest common factor of b and 58.
58
Suppose 3*a + n - 5*n = 13, 11 = 2*a - 5*n. Suppose -a*z = 4*w - 712, -z - z = w - 483. Let q = z + -174. Calculate the greatest common divisor of q and 14.
14
Let w(t) = -t**3 + 10*t**2 + 8*t - 31. Let h be w(8). Let v = 37 - 14. Calculate the highest common divisor of h and v.
23
Let p be 0 + (-1 - -2) - (-3 - -2). Suppose -2*s - s = 4*x - 205, 0 = -p*s - x + 130. What is the greatest common divisor of 9 and s?
9
Suppose -5*m + 3*i + 3075 + 4333 = 0, -m + i + 1482 = 0. Suppose -5*j + m = p, 5*j + p - 1477 = 4*p. What is the greatest common factor of j and 37?
37
Let f = 3 + 5. Suppose -n - 2 = 3, b = 3*n + 28. Let g = b - f. Calculate the greatest common divisor of g and 5.
5
Let i(q) = q**3 - 8*q**2 - q + 11. Let v be i(8). Suppose -5 = -5*c + 7*c - 3*k, -3*c = 4*k - 18. What is the highest common factor of c and v?
1
Let l = -98 + 133. What is the highest common divisor of 40 and l?
5
Suppose 3*u - 10 = 2, 0 = 5*x - 5*u - 100. Suppose 5*t - 9*t - x = 0. Let q(w) = w**2 + 4*w + 9. Let z be q(t). Calculate the highest common divisor of 7 and z.
7
Suppose -18*n = -33*n + 135. Calculate the greatest common factor of 99 and n.
9
Let g be (-40)/(-540) + 158/54. Calculate the highest common divisor of 669 and g.
3
Let x(l) = 7*l + 33. Let z be x(-11). Let y be 6/9 + z/(-6). Calculate the highest common factor of y and 8.
8
Let o(n) be the first derivative of 2*n**3/3 - n**2/2 - 15*n - 36. Let l be o(-4). What is the greatest common divisor of 105 and l?
21
Let g(y) = 29*y**2 + 15*y - 10. Let u(m) = -19*m**2 - 10*m + 7. Let h(j) = -5*g(j) - 8*u(j). Let o be h(2). Calculate the greatest common factor of 80 and o.
16
Suppose 2*x - 57 = -4*l - 9, x - 20 = -l. Suppose 67*m - 207 + 40 = 369. Calculate the highest common factor of x and m.
8
Let h(r) = -r**2 - 27*r - 26. Let k be h(-15). Let o = 0 + -3. Let u = o - -17. Calculate the highest common divisor of k and u.
14
Let o(t) = t**3 + 16*t**2 - 7*t - 40. Let j be o(-16). What is the greatest common factor of j and 9?
9
Let n(s) = s + 292. Let h be n(-42). What is the highest common divisor of h and 2?
2
Let n(b) = 6*b**3 + 66 - b - 5*b**3 + 0*b**3. Let v be n(0). Calculate the greatest common divisor of 6 and v.
6
Suppose 10*g - 100 = 30*g. Let l(j) be the first derivative of j**3/3 - 8*j - 1. Let t be l(g). What is the highest common factor of 34 and t?
17
Suppose 0 = -2*l - 6, y - 57 = 4*y + 4*l. Let g be 12/((-1)/(10/y)). Calculate the highest common factor of g and 8.
8
Suppose 2*d = -z + 5, -21 = -2*z + 4*d + 13. Let o be ((-1)/14)/(44/(-6776)). What is the highest common factor of z and o?
11
Let s = 9 - 11. Let y be (5 + 5)/(2/s). Let n be 0 - 3*y/6. What is the highest common factor of 20 and n?
5
Suppose -391 = -6*i + i - 4*c, 4*i - 3*c - 288 = 0. Calculate the highest common factor of i and 200.
25
Let r(n) = n**3 + 2*n**2 + n. Let h be r(-1). Suppose 26*g - 22*g - 80 = h. What is the highest common divisor of g and 5?
5
Suppose -4673 - 1528 = -9*f. Calculate the highest common factor of f and 13.
13
Let q be 11 + -6*129/(-18). What is the highest common factor of q and 198?
18
Suppose -6 = -3*a + 9. Let l = 5 - a. Suppose l = -5*t + 27 + 3. What is the greatest common factor of t and 54?
6
Let w(z) = 29*z - 49. Let q be w(2). Calculate the highest common factor of 5 and q.
1
Suppose -439 = 4*a - 2411. Suppose 5*q - 172 = a. What is the highest common divisor of q and 19?
19
Suppose -464 = -2*h - 2*h + 4*j, 0 = j - 1. Let m(q) = -q**2 + 14*q. Let b be m(13). Suppose -x - b = -2*x. Calculate the highest common divisor of h and x.
13
Let c = 50 - 24. Let d be (-10)/12 - 1258/(-12). Calculate the highest common factor of d and c.
26
Suppose r + 53 = -2*y + 647, -y - 3003 = -5*r. Calculate the greatest common factor of 60 and r.
60
Let q = 26 + -15. Let d(p) = 29*p + 6. Let k(u) = 30*u + 6. Let b(v) = 7*d(v) - 6*k(v). Let a be b(5). What is the greatest common divisor of q and a?
11
Let j = 21 + -18. Suppose -92 = -4*q - 7*x + j*x, 5*x - 73 = -3*q. What is the greatest common factor of 3 and q?
3
Suppose -9*w + 13 = -5. Let u be (-168)/(-8) + (4/w)/(-2). What is the greatest common factor of u and 100?
20
Suppose -62 - 68 = -5*j. Calculate the greates